{"id":4879,"date":"2022-10-21T10:08:30","date_gmt":"2022-10-21T10:08:30","guid":{"rendered":"https:\/\/www.bellaterramusica.com\/?post_type=product&#038;p=4879"},"modified":"2024-12-17T10:35:16","modified_gmt":"2024-12-17T10:35:16","slug":"de-la-percussio-a-la-bateria","status":"publish","type":"product","link":"https:\/\/www.bellaterramusica.com\/ca\/producto\/de-la-percussio-a-la-bateria\/","title":{"rendered":"De la percussi\u00f3 a la bater\u00eda!"},"content":{"rendered":"<p>M\u00fasiques:<br \/>\n1. De la percussi\u00f3 a la bater\u00eda! (conte)<br \/>\n2. I Got Rhythm. Ira i George Gershwin<br \/>\n3. Dansa alemanya. Ludwing van Beethoven<br \/>\n4. La Negra Tomasa. Sa\u00fal Hern\u00e1ndez<br \/>\n5. Dandini dandini Dastana. Can\u00e7\u00f3 de bressol popular turca<br \/>\n6. Melodia. Can\u00e7\u00f3 popular xinesa.<br \/>\n7. Celebration Suite. Airto Moreira<br \/>\n8. The End (fragment) \u2013 Yellow Submarine. Lennon-McCartney<br \/>\n9. Bourbon Steet Parade. Can\u00e7o tradicional Americana.<br \/>\n10. Gigue (Adaptaci\u00f3 de la 1a suite de violoncel) Johann Sebastian Bach<br \/>\nBonus tracks (Play alone)<br \/>\n11. Dansa alemanya. Ludwing van Beethoven (Vibr\u00e0fon sol)<br \/>\n12. Dansa alemanya. Ludwing van Beethoven (Marimba sola)<\/p>\n<p><strong>Int\u00e8rprets:<\/strong><br \/>\nNan Mercader, \u00c0ngel Pereira, Eladio Rein\u00f3n, Artur Regada, Rei Cusa, S\u00edlvia Vilarrasa, Pantxulo Jornet, Daniel da Lan\u00e7a i Gumbo Jass Band.<\/p>\n<p><strong>Descripci\u00f3:<\/strong><br \/>\nLa bateria \u00e9s el cinqu\u00e8 volum de la s\u00e8rie dedicada als instruments musicals \u201cHist\u00f2ries dels instruments\u201d de Bellaterra M\u00fasica Ed. i pret\u00e9n, de manera amena i did\u00e0ctica, presentar i donar a con\u00e8ixer la bateria i altres instruments de percussi\u00f3 en diferents estils i tradicions musicals.<\/p>\n<p><strong>\u00c9s un llibre amb Cd que inclou:<\/strong><\/p>\n<ul>\n<li>Un conte divertit i imaginatiu sobre un nen molt enginy\u00f3s que aconsegueix crear, juntament amb els seus amics, un nou instrument.<\/li>\n<li>Un Cd amb el conte i un ventall de m\u00fasiques representatives on els instruments de percussi\u00f3 s\u00f3n els protagonistes.<\/li>\n<li>Una fitxa t\u00e8cnica sobre la bateria.<\/li>\n<\/ul>\n<p><strong>ISBN:<\/strong> 978-84-935883-2-4<\/p>\n","protected":false},"excerpt":{"rendered":"<p><strong>Contingut:<\/strong> Llibre + CD<br \/>\n<strong>Mides:<\/strong> 17,5&#215;21,5 cm &#8211; 32 p\u00e0gines<br \/>\n<strong>Enquadernaci\u00f3:<\/strong> Carton\u00e9<br \/>\n<strong>Autors del conte:<\/strong>\u00a0Eladio Rein\u00f3n i Dani Coma<br \/>\n<strong>Il\u00b7lustracions:<\/strong>\u00a0Subi<\/p>\n<p>ISBN 978-84-936945-2-4<\/p>\n","protected":false},"featured_media":4880,"template":"","meta":[],"product_brand":[],"product_cat":[118,73],"product_tag":[68,77],"class_list":["post-4879","product","type-product","status-publish","has-post-thumbnail","product_cat-histories-dels-intruments","product_cat-llibres-i-regals-ca","product_tag-de-3-a-6-anys-ca","product_tag-de-7-a-10-anys-ca","first","instock","taxable","shipping-taxable","purchasable","product-type-simple"],"_links":{"self":[{"href":"https:\/\/www.bellaterramusica.com\/ca\/wp-json\/wp\/v2\/product\/4879","targetHints":{"allow":["GET"]}}],"collection":[{"href":"https:\/\/www.bellaterramusica.com\/ca\/wp-json\/wp\/v2\/product"}],"about":[{"href":"https:\/\/www.bellaterramusica.com\/ca\/wp-json\/wp\/v2\/types\/product"}],"wp:featuredmedia":[{"embeddable":true,"href":"https:\/\/www.bellaterramusica.com\/ca\/wp-json\/wp\/v2\/media\/4880"}],"wp:attachment":[{"href":"https:\/\/www.bellaterramusica.com\/ca\/wp-json\/wp\/v2\/media?parent=4879"}],"wp:term":[{"taxonomy":"product_brand","embeddable":true,"href":"https:\/\/www.bellaterramusica.com\/ca\/wp-json\/wp\/v2\/product_brand?post=4879"},{"taxonomy":"product_cat","embeddable":true,"href":"https:\/\/www.bellaterramusica.com\/ca\/wp-json\/wp\/v2\/product_cat?post=4879"},{"taxonomy":"product_tag","embeddable":true,"href":"https:\/\/www.bellaterramusica.com\/ca\/wp-json\/wp\/v2\/product_tag?post=4879"}],"curies":[{"name":"wp","href":"https:\/\/api.w.org\/{rel}","templated":true}]}}

De la percussió a la batería!

<p>Músiques:<br />
1. De la percussió a la batería! (conte)<br />
2. I Got Rhythm. Ira i George Gershwin<br />
3. Dansa alemanya. Ludwing van Beethoven<br />
4. La Negra Tomasa. Saúl Hernández<br />
5. Dandini dandini Dastana. Cançó de bressol popular turca<br />
6. Melodia. Cançó popular xinesa.<br />
7. Celebration Suite. Airto Moreira<br />
8. The End (fragment) – Yellow Submarine. Lennon-McCartney<br />
9. Bourbon Steet Parade. Canço tradicional Americana.<br />
10. Gigue (Adaptació de la 1a suite de violoncel) Johann Sebastian Bach<br />
Bonus tracks (Play alone)<br />
11. Dansa alemanya. Ludwing van Beethoven (Vibràfon sol)<br />
12. Dansa alemanya. Ludwing van Beethoven (Marimba sola)</p>
<p><strong>Intèrprets:</strong><br />
Nan Mercader, Àngel Pereira, Eladio Reinón, Artur Regada, Rei Cusa, Sílvia Vilarrasa, Pantxulo Jornet, Daniel da Lança i Gumbo Jass Band.</p>
<p><strong>Descripció:</strong><br />
La bateria és el cinquè volum de la sèrie dedicada als instruments musicals “Històries dels instruments” de Bellaterra Música Ed. i pretén, de manera amena i didàctica, presentar i donar a conèixer la bateria i altres instruments de percussió en diferents estils i tradicions musicals.</p>
<p><strong>És un llibre amb Cd que inclou:</strong></p>
<ul>
<li>Un conte divertit i imaginatiu sobre un nen molt enginyós que aconsegueix crear, juntament amb els seus amics, un nou instrument.</li>
<li>Un Cd amb el conte i un ventall de músiques representatives on els instruments de percussió són els protagonistes.</li>
<li>Una fitxa tècnica sobre la bateria.</li>
</ul>
<p><strong>ISBN:</strong> 978-84-935883-2-4</p>

<p><strong>Contingut:</strong> Llibre + CD<br />
<strong>Mides:</strong> 17,5&#215;21,5 cm &#8211; 32 pàgines<br />
<strong>Enquadernació:</strong> Cartoné<br />
<strong>Autors del conte:</strong> Eladio Reinón i Dani Coma<br />
<strong>Il·lustracions:</strong> Subi</p>
<p>ISBN 978-84-936945-2-4</p>
